- 140/(-6).
22
Let l(m) = -14*m - 282. Calculate the remainder when l(-21) is divided by 7.
5
Let z(o) = 34*o + 13. Let s be z(10). Suppose 12*h - s = -77. Calculate the remainder when h is divided by 12.
11
Suppose 120 = 10*p - 30 - 40. Calculate the remainder when 2716 is divided by p.
18
Suppose 0 = -5*d + 23 - 3. Let y(a) = -a**3 + 5*a**2 - 2*a + 1. Calculate the remainder when y(d) is divided by 4.
1
Let s = -2295 - -2386. What is the remainder when s is divided by 33?
25
Suppose -3334 = -5*b + 3*u, -4*u + 4054 = 14*b - 8*b. Calculate the remainder when b is divided by 646.
25
Suppose 0 = 3*m + 9, k - 3377 = 6*k + 4*m. Let x = k - -700. Let d = -21 - -35. Calculate the remainder when x is divided by d.
13
Suppose -3*b - 2*b + 110 = 0. Suppose -4*n + 177 = -5*g, g + 130 = 2*n + n. Let h = n + -2. Calculate the remainder when h is divided by b.
19
Let q = -217 - -133. Let g = 111 + q. Calculate the remainder when g is divided by 18.
9
Suppose -36*r - 69386 = -10*r - 235656. Calculate the remainder when r is divided by 41.
40
Let f = 18835 + -18422. Suppose -2*n + 73 = -19. What is the remainder when f is divided by n?
45
Suppose 3*o = 23 - 8. What is the remainder when ((-44)/o)/(-8 + 156/20) is divided by 8?
4
Let x = -2483 + 2546. Calculate the remainder when 147 is divided by x.
21
Suppose 574*t - 5935 = 2675. What is the remainder when (-2)/(-2) - 1*-95 is divided by t?
6
Suppose -48*l = -50*l. What is the remainder when 346 is divided by -3 + 3 - l - -68 - -2?
66
Suppose -12*z + 1143 + 657 = 0. Let f = 680 - z. Calculate the remainder when f is divided by 13.
10
Calculate the remainder when 5790 is divided by ((-24276)/(-105))/((-3 + 0)/(-15)).
10
Let m = -93 + 697. Suppose 3*x = m - 142. What is the remainder when x is divided by 39?
37
Let v(d) = -3*d**3 + d**2 - 141. Let g(t) = -t**3 + t - 1. Let j(q) = 4*g(q) - v(q). Calculate the remainder when j(0) is divided by 4.
1
Let p = 310 - 544. Let u = -14 - p. Suppose -5*k - 45 = -u. What is the remainder when k is divided by 18?
17
Let o(b) = 2*b**3 + 166*b**2 + 120*b - 19. What is the remainder when o(-82) is divided by 12?
1
Let y(k) = -4*k + 32. Let z be y(8). Suppose z = -3*q + 34 - 13. Let n(h) = -h**3 + 8*h**2 - 31. Calculate the remainder when 70 is divided by n(q).
16
Let s(k) = 43*k**2 - 47*k + 45. Let g(o) = 20*o**2 - 23*o + 23. Let j(q) = 13*g(q) - 6*s(q). Calculate the remainder when 74 is divided by j(9).
36
Suppose 130*z - 511904 = 172936. What is the remainder when z is divided by 165?
153
Suppose 5*h - 24 = 2*h. Suppose 0 = -2*k - 0 + 40. Suppose -k*o + h*o = -252. What is the remainder when o is divided by 2?
1
Suppose 857 = 21*h - 20*h. Let y = h + -643. Calculate the remainder when y is divided by 74.
66
Suppose t = 11*t - 0*t. Suppose 15 = 5*h, -2*v + 2*h + 0*h + 26 = t. What is the remainder when 75 is divided by v?
11
Let x = 269 + -267. What is the remainder when 7 is divided by x + (-52)/(-16) - 1/4?
2
Suppose -369*f + 319*f + 2250 = 0. What is the remainder when f is divided by 6?
3
Let p(t) be the third derivative of 1/6*t**4 - 1/6*t**3 + 11*t**2 + 0 + 0*t. Calculate the remainder when 41 is divided by p(4).
11
Suppose 107 - 302 = -o. Let g = o - 131. Let l = -275205 - -275238. What is the remainder when g is divided by l?
31
Let y(d) = -d**2 + 2*d + 16. Let q be y(5). Let c(v) = 3*v**2 + v - 8. Calculate the remainder when ((-16)/40)/(2/(-430)) + q is divided by c(3).
21
Let p(l) = 9*l**3 - 37*l**2 + 6*l - 101. Calculate the remainder when p(7) is divided by 100.
15
Let a(b) = -7*b - 7. Let d be 24/84 - 2062/14. Let h = d - -249. Calculate the remainder when h is divided by a(-6).
32
Let q = -69 + 115. What is the remainder when q is divided by 14?
4
Let m(h) = 9*h**2 + 8*h - 36. Let w be m(4). Let k = -121 + w. What is the remainder when k is divided by 5?
4
Suppose -r = -3*a + 84 - 11, 0 = -4*a + 2*r + 98. Calculate the remainder when 24*1744/336 + -7 + (-3)/(-7) is divided by a.
22
Suppose 10*n - 30 - 321 = -17*n. Let k = 30 - 14. Let p = k + -8. What is the remainder when n is divided by p?
5
Let o(p) be the second derivative of 23*p**4/12 - p**3/3 + 7*p**2/2 - 51*p. What is the remainder when o(-4) is divided by 16?
15
Suppose 943 = b - 422. Let f = 114 - 41. Calculate the remainder when f is divided by 2/3*b/35.
21
Let x(q) = -9*q - 4. Suppose 0 = 2*o - o - 37. Suppose o = 3*h + 3*c + c, 2*c + 42 = 4*h. Calculate the remainder when x(-4) is divided by h.
10
Suppose 225*j = 238*j + 52. Suppose -2*i - 2*g - 60 = 3*i, g - 36 = 3*i. What is the remainder when 114 is divided by i/(-3)*(-23)/j?
22
Suppose 1630 = 5*y + 5*k, -5*y - 4*k + 1388 + 244 = 0. Let l = -218 + y. Let v = 803 - 765. Calculate the remainder when l is divided by v.
34
Let a be (17 - -1) + 2 + -6. Suppose 0 = t + y + y - a, 5*y = 5*t - 145. Let d(p) = -p**3 - p**2 + 2*p + 9. What is the remainder when t is divided by d(0)?
6
Suppose -2*q - 222 = -4*s + 336, 3*s + 3*q - 432 = 0. What is the remainder when s is divided by 69?
3
Calculate the remainder when (-181)/((-8)/(-64)*-4) is divided by 52.
50
Suppose 5*g - 67 - 73 = -2*a, -83 = -3*g - a. Let y = -286 - -400. What is the remainder when y is divided by g?
10
What is the remainder when 178 is divided by 10 - (9*(-16)/(-72) - -3 - 5)?
8
Suppose u - 3*z + 390 = 0, z - 5*z - 1950 = 5*u. What is the remainder when ((-10)/(-25))/((-3)/u) is divided by 2/(-4) - (-87)/6?
10
Suppose 1008 - 2862 = -18*o. What is the remainder when 610 is divided by o?
95
Let l(i) = 8*i + 78. Let n be l(-7). What is the remainder when 100 is divided by n/33 + 146/6?
0
Let y(k) = 209*k - 609. What is the remainder when 280 is divided by y(3)?
10
Suppose 0 = 2*t - 4*r - 70, 6*r - 3*r = 2*t - 65. Let f = t - 52. Let o = f - -44. What is the remainder when 20 is divided by o?
3
Let p = -5 + 15. Let a be (-2)/6*p*12/10. Let v(h) = h**2 - 4*h. What is the remainder when v(a) is divided by 11?
10
Let w = -80 + 88. Suppose -4 = v - w. Suppose -3*m + 5*i - 4 = -m, -6 = -4*m + 3*i. Calculate the remainder when v is divided by m.
1
Let j = 5551 - 5471. Calculate the remainder when 395 is divided by j.
75
Suppose 84*b + 180*b = 20064. Calculate the remainder when 183 is divided by b.
31
Suppose -207*f + 185*f + 199 = 45. Calculate the remainder when 3229 is divided by f.
2
Let v = 365 + -361. Suppose -2*u = v*x - 129 - 71, 3*u = 3*x + 318. Calculate the remainder when u is divided by 24.
8
Let n(z) = 17*z - 2. Let y be 2/((5 + -2)/6). Let l(c) = c**3 - 12*c + 4. Calculate the remainder when n(7) is divided by l(y).
17
Suppose -6369*m + 6335*m = 269 - 779. Suppose -5 = -v - 0*v. Suppose -54 = -v*x + 3*x. What is the remainder when x is divided by m?
12
Suppose 24*j - 2026 = 1694. Calculate the remainder when j is divided by 67.
21
Let q(z) = -4*z - 8. Suppose -11*x + 120 = -2047. Let w = x - 22. What is the remainder when w is divided by q(-6)?
15
Suppose -3*f + 20 + 40 = -2*r, 10*f + 4*r - 168 = 0. Calculate the remainder when 285 is divided by f.
15
Let h = -9 - -13. Suppose -z + h = -10. Let o = z + 2. Calculate the remainder when 47 is divided by o.
15
Suppose 2*n = 3*s + 67 + 51, 0 = s + n + 46. Let v = -626 - -688. Calculate the remainder when v is divided by -2*3/12*s.
20
Let i = -138705 + 138731. What is the remainder when i is divided by (-3)/6 + 31/2?
11
Let k = -6812 + 8723. What is the remainder when k is divided by 66?
63
Suppose 151 = 4*g + 7. Let b = -1298 - -1434. What is the remainder when b is divided by g?
28
Let g = 123 - 135. Calculate the remainder when (527/34)/((-2)/g) is divided by 32.
29
Let o = 23 - -12. Let y be 4 + (1 + -1)*-1. Suppose 0 = y*n - 4*z - 20, 2*z - 11 - 6 = -n. What is the remainder when o is divided by n?
8
Let o(s) = -138*s - 1371. Calculate the remainder when o(-10) is divided by 3.
0
Suppose -398*p + 374*p = -7416. What is the remainder when p is divided by 293?
16
Let i be (-2 + 5)/((-15)/(-1925)). Suppose i = -13*q + 18*q. Let j(r) = -r**2 - 11*r + 8. What is the remainder when q is divided by j(-9)?
25
Let o be -29 - 8/(-2) - -4. Let p = -19 - o. What is the remainder when 83 is divided by (1 - p) + 6 + 12?
15
Let j = -3 + 6. Suppose w + 0 = 1, j*n - 293 = -5*w. Calculate the remainder when n is divided by -32*(-1)/2 - ((13 -